92 is divided by 194862?
18
Calculate the remainder when 157383159 is divided by 807093.
24
Calculate the remainder when 112642 is divided by 2557.
134
What is the remainder when 168952 is divided by 880?
872
Calculate the remainder when 74764 is divided by 74752.
12
What is the remainder when 178548 is divided by 3219?
1503
What is the remainder when 141719 is divided by 1540?
39
Calculate the remainder when 12476140 is divided by 21.
19
Calculate the remainder when 10719373 is divided by 136.
125
What is the remainder when 15499637 is divided by 77?
76
Calculate the remainder when 2203279 is divided by 3432.
3367
What is the remainder when 15324 is divided by 435?
99
What is the remainder when 134365508 is divided by 4883?
4880
Calculate the remainder when 505834 is divided by 84305.
4
What is the remainder when 2221302 is divided by 4562?
4170
Calculate the remainder when 26468683 is divided by 996.
979
What is the remainder when 2636636 is divided by 30?
26
What is the remainder when 35315 is divided by 5985?
5390
Calculate the remainder when 25732124 is divided by 307.
305
Calculate the remainder when 104269769 is divided by 5.
4
What is the remainder when 14739 is divided by 4841?
216
What is the remainder when 10831935 is divided by 159293?
11
What is the remainder when 50631 is divided by 910?
581
What is the remainder when 19285 is divided by 4821?
1
What is the remainder when 26271186 is divided by 873?
870
Calculate the remainder when 13479665 is divided by 45.
5
Calculate the remainder when 16337002 is divided by 24025.
2
Calculate the remainder when 3785376 is divided by 16.
0
Calculate the remainder when 7127779 is divided by 1645.
1639
What is the remainder when 2533786 is divided by 54?
52
Calculate the remainder when 3297921 is divided by 219859.
36
Calculate the remainder when 503468 is divided by 1467.
287
Calculate the remainder when 214850 is divided by 53528.
738
What is the remainder when 2280593 is divided by 28507?
33
What is the remainder when 9179371 is divided by 235368?
19
What is the remainder when 134402 is divided by 1581?
17
Calculate the remainder when 339597 is divided by 112165.
3102
Calculate the remainder when 471682 is divided by 156728.
1498
What is the remainder when 1451938 is divided by 808?
770
What is the remainder when 14649121 is divided by 7132?
7125
Calculate the remainder when 6451707 is divided by 946.
933
Calculate the remainder when 5335919 is divided by 556.
543
What is the remainder when 269103 is divided by 4561?
4
Calculate the remainder when 3254309 is divided by 277.
113
What is the remainder when 138902 is divided by 1129?
35
Calculate the remainder when 200603 is divided by 33432.
11
What is the remainder when 93734 is divided by 1338?
74
Calculate the remainder when 114076 is divided by 1915.
1091
Calculate the remainder when 703678 is divided by 3684.
34
What is the remainder when 223220 is divided by 24771?
281
Calculate the remainder when 1064687 is divided by 532319.
49
Calculate the remainder when 77732 is divided by 72.
44
Calculate the remainder when 470894 is divided by 117676.
190
Calculate the remainder when 3251927 is divided by 812980.
7
What is the remainder when 4193645 is divided by 23428?
33
What is the remainder when 7071676 is divided by 1640?
1636
What is the remainder when 94038436 is divided by 17?
12
What is the remainder when 1128479 is divided by 786?
569
What is the remainder when 747612 is divided by 377?
21
Calculate the remainder when 280224 is divided by 75.
24
Calculate the remainder when 1120603 is divided by 483.
43
Calculate the remainder when 55311709 is divided by 29963.
11
What is the remainder when 58934679 is divided by 10?
9
What is the remainder when 10911 is divided by 572?
43
What is the remainder when 2239759 is divided by 447927?
124
Calculate the remainder when 4730377 is divided by 56.
1
What is the remainder when 6215055 is divided by 15977?
2
What is the remainder when 310479578 is divided by 42?
38
What is the remainder when 11743 is divided by 208?
95
Calculate the remainder when 1207653027 is divided by 27.
24
What is the remainder when 10487115 is divided by 68098?
23
Calculate the remainder when 746482 is divided by 33928.
66
Calculate the remainder when 148764 is divided by 855.
849
What is the remainder when 57125324 is divided by 15557?
20
What is the remainder when 27774 is divided by 2641?
1364
What is the remainder when 933792 is divided by 3254?
3148
What is the remainder when 3237092 is divided by 333?
332
What is the remainder when 912285 is divided by 32495?
2425
What is the remainder when 57893 is divided by 57888?
5
What is the remainder when 866094 is divided by 121?
97
Calculate the remainder when 2611059 is divided by 1305523.
13
What is the remainder when 52937815 is divided by 21?
7
Calculate the remainder when 1560 is divided by 268.
220
Calculate the remainder when 33253 is divided by 2627.
1729
Calculate the remainder when 638917 is divided by 4204.
4113
Calculate the remainder when 28928 is divided by 9124.
1556
Calculate the remainder when 469462 is divided by 117357.
34
What is the remainder when 20014 is divided by 180?
34
What is the remainder when 186638840 is divided by 186638830?
10
Calculate the remainder when 1739843 is divided by 830.
163
Calculate the remainder when 628622299 is divided by 14.
11
Calculate the remainder when 5037375 is divided by 261.
75
What is the remainder when 2535305 is divided by 30182?
17
Calculate the remainder when 1310260 is divided by 31.
14
Calculate the remainder when 187039838 is divided by 26719976.
6
What is the remainder when 449757 is divided by 1218?
315
Calculate the remainder when 6529621 is divided by 62.
29
What is the remainder when 3799136 is divided by 89?
82
Calculate the remainder when 2119114 is divided by 339.
25
Calculate the remainder when 163260 is divided by 163207.
53
Calculate the remainder when 90512 is divided by 1028.
48
What is the remainder when 2106669 is divided by 8529?
6
What is the remainder when 311523 is divided by 25923?
447
What is the remainder when 21620 is divided by 2977?
781
Calculate the remainder when 3725324 is divided by 2265.
1664
What is the remainder when 44317 is divided by 1120?
637
Calculate the remainder when 61944507 is divided by 174.
159
Calculate the remainder when 1703 is divided by 115.
93
Calculate the remainder when 2415929 is divided by 118.
115
Calculate the remainder when 7428726 is divided by 1532.
58
Calculate the remainder when 894518 is divided by 284.
202
What is the remainder when 3099575 is divided by 15119?
180
Calculate the remainder when 177159 is divided by 495.
444
What is the remainder when 354387 is divided by 470?
7
Calculate the remainder when 349123 is divided by 116229.
436
What is the remainder when 6052124 is divided by 201720?
524
Calculate the remainder when 3815824 is divided by 71996.
36
Calculate the remainder when 3489622 is divided by 25.
22
What is the remainder when 7179981 is divided by 326359?
83
What is the remainder when 6972546 is divided by 87153?
306
What is the remainder when 34960 is divided by 224?
16
What is the remainder when 520105 is divided by 5715?
40
Calculate the remainder when 313619 is divided by 46.
37
Calculate the remainder when 5873306 is divided by 93.
77
What is the remainder when 10767622 is divided by 720?
22
What is the remainder when 4630 is divided by 497?
157
Calculate the remainder when 10003048 is divided by 2476.
8
What is the remainder when 18052164 is divided by 38?
36
Calculate the remainder when 13913 is divided by 4438.
599
What is the remainder when 4368628 is divided by 164?
160
What is the remainder when 3472114 is divided by 2166?
16
Calculate the remainder when 473858 is divided by 706.
132
What is the remainder when 1813385 is divided by 151113?
29
What is the remainder when 94403830 is divided by 23600954?
14
Calculate the remainder when 327545 is divided by 279.
278
What is the remainder when 29285879 is divided by 3334?
23
What is the remainder when 1508804 is divided by 95?
14
Calculate the remainder when 165572 is divided by 31484.
8152
Calculate the remainder when 60772 is divided by 53322.
7450
Calculate the remainder whe